7, 23, 151, 6079
List the prime factors of 26086226.
2, 1409, 9257
What are the prime factors of 37768264?
2, 337, 14009
What are the prime factors of 68890125?
3, 5, 183707
List the prime factors of 3255113784.
2, 3, 13, 2549, 4093
List the prime factors of 521087188.
2, 130271797
What are the prime factors of 186019864?
2, 1091, 21313
What are the prime factors of 441237170?
2, 5, 11, 4011247
List the prime factors of 1228599354.
2, 3, 43, 4762013
What are the prime factors of 11509977?
3, 1361, 2819
What are the prime factors of 42411937?
31, 1368127
What are the prime factors of 200634082?
2, 11, 9119731
What are the prime factors of 269662861?
13, 113, 183569
What are the prime factors of 387276618?
2, 3, 53, 887, 1373
List the prime factors of 329468579.
11, 41, 199, 3671
What are the prime factors of 4491136555?
5, 163, 5510597
List the prime factors of 1677457150.
2, 5, 17, 29, 4003
What are the prime factors of 155944098?
2, 3, 379, 22859
List the prime factors of 151108524.
2, 3, 7, 101, 1979
What are the prime factors of 379134186?
2, 3, 63189031
What are the prime factors of 3549554736?
2, 3, 7, 13, 812627
List the prime factors of 2256484463.
1213, 1860251
List the prime factors of 23586288.
2, 3, 11, 31, 131
List the prime factors of 3262033185.
3, 5, 17, 41, 312007
List the prime factors of 43377436.
2, 10844359
What are the prime factors of 2019379942?
2, 163, 1579, 3923
List the prime factors of 800609753.
800609753
What are the prime factors of 8417276900?
2, 5, 84172769
What are the prime factors of 17249559?
3, 1259, 4567
What are the prime factors of 1369561246?
2, 131, 5227333
What are the prime factors of 361930237?
29, 430357
What are the prime factors of 12309630?
2, 3, 5, 29, 14149
List the prime factors of 52987157.
52987157
What are the prime factors of 47345615?
5, 23, 541, 761
What are the prime factors of 1087264904?
2, 11, 12355283
What are the prime factors of 43483104?
2, 3, 7, 21569
What are the prime factors of 363621434?
2, 11, 173, 95539
What are the prime factors of 51656071?
919, 56209
List the prime factors of 159086723.
823, 193301
List the prime factors of 701894335.
5, 23, 6103429
What are the prime factors of 581803993?
581803993
What are the prime factors of 7853771175?
3, 5, 79, 251, 5281
What are the prime factors of 64794554?
2, 11, 2945207
List the prime factors of 57886830.
2, 3, 5, 643187
List the prime factors of 108104974.
2, 1063, 50849
What are the prime factors of 295570557?
3, 32841173
List the prime factors of 5528355582.
2, 3, 921392597
What are the prime factors of 723455895?
3, 5, 29, 1663117
List the prime factors of 2263485792.
2, 3, 313, 75329
List the prime factors of 2177380703.
47, 46327249
What are the prime factors of 1734176062?
2, 863, 1004737
What are the prime factors of 1242385396?
2, 7, 6338701
What are the prime factors of 42467785?
5, 17, 499621
What are the prime factors of 169657524?
2, 3, 1570903
List the prime factors of 5898132.
2, 3, 19, 8623
List the prime factors of 730572174.
2, 3, 73, 613, 907
List the prime factors of 108406777.
59, 293, 6271
List the prime factors of 2591450280.
2, 3, 5, 19, 47, 2687
What are the prime factors of 46586255?
5, 271, 34381
List the prime factors of 139293395.
5, 59, 149, 3169
What are the prime factors of 334051787?
19, 241, 72953
List the prime factors of 53105157.
3, 7, 842939
List the prime factors of 568823532.
2, 3, 317, 149533
What are the prime factors of 1218868463?
23, 29, 1827389
What are the prime factors of 6331364809?
7, 11, 7475047
List the prime factors of 2244106881.
3, 199, 1252991
List the prime factors of 281566389.
3, 13, 1013, 7127
List the prime factors of 174159396.
2, 3, 19, 1489
What are the prime factors of 788507723?
31, 25435733
List the prime factors of 1031074436.
2, 7, 5647, 6521
List the prime factors of 1120792545.
3, 5, 922463
What are the prime factors of 636271791?
3, 19, 97, 115079
List the prime factors of 23394927.
3, 463, 16843
What are the prime factors of 1141996562?
2, 7, 81571183
List the prime factors of 5193123422.
2, 103, 25209337
What are the prime factors of 357997055?
5, 13, 5507647
What are the prime factors of 323662422?
2, 3, 17, 97, 32713
What are the prime factors of 42351062?
2, 13, 125299
List the prime factors of 5107116585.
3, 5, 47, 157, 46141
What are the prime factors of 82901871?
3, 13, 708563
What are the prime factors of 94437506?
2, 47218753
List the prime factors of 189240229.
163, 1160983
What are the prime factors of 265593005?
5, 47, 463, 2441
What are the prime factors of 504831306?
2, 3, 7, 12019793
What are the prime factors of 350461326?
2, 3, 127, 459923
List the prime factors of 102064483.
102064483
What are the prime factors of 48331322?
2, 13, 47, 39551
What are the prime factors of 24135054?
2, 3, 19, 211711
List the prime factors of 4416657287.
7, 6977, 12919
What are the prime factors of 1354279149?
3, 29, 431, 4013
What are the prime factors of 92132269?
92132269
What are the prime factors of 4141597188?
2, 3, 17, 613, 33119
What are the prime factors of 105314363?
7, 11, 41, 33359
What are the prime factors of 2460595715?
5, 7307, 67349
What are the prime factors of 523146630?
2, 3, 5, 257, 67853
List the prime factors of 408136010.
2, 5, 40813601
What are the prime factors of 1612081641?
3, 537360547
What are the prime factors of 1660012842?
2, 3, 11491, 24077
What are the prime factors of 89509938?
2, 3, 7, 463, 4603
List the prime factors of 379437912.
2, 3, 7, 250951
List the prime factors of 200323031.
23, 8709697
List the prime factors of 231237596.
2, 2969, 19471
List the prime factors of 403751426.
2, 13, 937, 16573
List the prime factors of 14643569.
14643569
List the prime factors of 70421524.
2, 19, 53, 17483
What are the prime factors of 274778520?
2, 3, 5, 71, 32251
What are the prime factors of 386256405?
3, 5, 17, 1514731
What are the prime factors of 512798248?
2, 23, 2786947
List the prime factors of 13268752.
2, 7, 118471
What are the prime factors of 77184623?
479, 161137
List the prime factors of 578418404.
2, 17, 8506153
What are the prime factors of 1196899046?
2, 7, 2339, 36551
What are the prime factors of 2003994199?
461, 4347059
List the prime factors of 48752287.
6329, 7703
List the prime factors of 1623404250.
2, 3, 5, 13, 55501
List the prime factors of 3338051333.
61, 349, 156797
List the prime factors of 713068996.
2, 53, 643, 5231
List the prime factors of 4424546.
2, 7, 53, 67, 89
What are the prime factors of 935885737?
9521, 98297
List the prime factors of 1686710007.
3, 2333, 26777
What are the prime factors of 536072140?
2, 5, 107, 250501
List the prime factors of 57242074.
2, 73, 392069
What are the prime factors of 2238634609?
359, 6235751
List the prime factors of 1059658631.
1033, 1025807
List the prime factors of 1609507973.
103, 15626291
What are the prime factors of 1787320534?
2, 17, 52568251
List the prime factors of 75084360.
2, 3, 5, 13, 48131
What are the prime factors of 50620882?
2, 13, 157, 12401
What are the prime factors of 952847751?
3, 29, 10952273
What are the prime factors of 257935557?
3, 11, 491, 15919
What are the prime factors of 38208600?
2, 3, 5, 21227
List the prime factors of 414498466.
2, 207249233
What are the prime factors of 15937246?
2, 13, 612971
List the prime factors of 540504132.
2, 3, 7, 293, 21961
What are the prime factors of 826591056?
2, 3, 17220647
What are the prime factors of 2573936804?
2, 821, 783781
What are the prime factors of 1380937075?
5, 7, 7891069
List the prime factors of 139140343.
271, 367, 1399
List the prime factors of 207340746.
2, 3, 67, 515773
What are the prime factors of 968170403?
19, 127, 401231
What are the prime factors of 120077900?
2, 5, 1200779
What are the prime factors of 15147844?
2, 1669, 2269
What are the prime factors of 42180559?
131, 149, 2161
List the prime factors of 81980325.
3, 5, 7, 52051
What are the prime factors of 35869485?
3, 5, 359, 6661
List the prime factors of 356318794.
2, 13, 13704569
What are the prime factors of 88551362?
2, 19, 43, 54193
What are the prime factors of 67296363?
3, 251, 89371
What are the prime factors of 175488530?
2, 5, 7, 2506979
What are the prime factors of 87473248?
2, 2733539
What a